factor of 42526300?
True
Is 286 a factor of 2125552?
True
Does 4955 divide 30473376?
False
Does 46 divide 100458364?
False
Is 17 a factor of 278399089?
True
Does 325 divide 1150254300?
True
Does 676 divide 2777829340?
True
Is 73450746 a multiple of 653?
True
Is 106 a factor of 75976666?
True
Does 102 divide 4720072440?
True
Is 24 a factor of 40586116?
False
Does 331 divide 152214609?
False
Is 957 a factor of 26779323?
False
Does 150 divide 5590050?
True
Does 459 divide 776668851?
True
Does 60 divide 11130480?
True
Is 297 a factor of 256116826?
False
Does 56 divide 1403216026?
False
Does 377 divide 718596684?
True
Is 21 a factor of 103623597?
True
Is 759456852 a multiple of 154?
True
Is 52 a factor of 59281495?
False
Is 1036046497 a multiple of 159?
False
Is 786573687 a multiple of 12?
False
Is 5128985 a multiple of 2?
False
Is 25993120 a multiple of 10?
True
Is 72791055 a multiple of 45?
True
Is 167 a factor of 216671478?
True
Is 2064 a factor of 996470036?
False
Does 3158 divide 101946333?
False
Does 36 divide 3940632?
True
Does 378 divide 10897381?
False
Is 5755920 a multiple of 580?
True
Is 727 a factor of 2175633286?
True
Does 644 divide 1901797688?
True
Is 7 a factor of 129047968?
True
Does 13 divide 40528047?
False
Is 4769 a factor of 2606120199?
True
Does 1418 divide 2226276274?
False
Is 20 a factor of 11281640?
True
Does 229 divide 27516913?
False
Does 117 divide 62815779?
True
Does 35 divide 165764165?
True
Is 55 a factor of 3560150?
True
Is 18 a factor of 30599640?
True
Is 7545352 a multiple of 143?
False
Is 14 a factor of 99227897?
False
Does 56 divide 61847968?
True
Is 2348 a factor of 343229288?
False
Is 201235131 a multiple of 594?
False
Does 1207 divide 23538914?
True
Is 661566883 a multiple of 17?
True
Is 413 a factor of 14438731?
False
Does 43 divide 1124373288?
True
Is 1283814232 a multiple of 101?
True
Is 824369294 a multiple of 3770?
False
Is 302 a factor of 163688220?
False
Is 64409598 a multiple of 18?
True
Is 748595360 a multiple of 4?
True
Does 343 divide 951419?
False
Does 450 divide 241719750?
True
Is 68 a factor of 141837991?
False
Is 93 a factor of 4268851?
False
Is 436777632 a multiple of 12?
True
Does 5854 divide 507395149?
False
Does 151 divide 171879827?
True
Does 36 divide 129379029?
False
Is 62 a factor of 58913082?
True
Does 94 divide 4905880?
False
Is 110841090 a multiple of 2972?
False
Is 914 a factor of 3092067?
False
Is 1401 a factor of 44705621?
False
Is 263832304 a multiple of 16?
True
Does 12 divide 26474652?
True
Does 950 divide 57334843?
False
Does 152 divide 2151668431?
False
Does 4040 divide 235115880?
True
Does 324 divide 380484?
False
Does 80 divide 1212958080?
True
Does 15 divide 10277535?
True
Is 15 a factor of 2492912230?
False
Does 38 divide 1407224533?
False
Is 976853903 a multiple of 1827?
False
Is 1643269176 a multiple of 492?
True
Is 326093017 a multiple of 57?
False
Is 24685375 a multiple of 13?
True
Does 145 divide 245021580?
True
Is 1359064 a multiple of 4?
True
Is 1346759 even?
False
Does 1291 divide 72980230?
True
Does 1218 divide 25492329?
False
Is 84 a factor of 116368113?
False
Is 98254416 a multiple of 632?
False
Is 102055495 even?
False
Is 88657362 a multiple of 80?
False
Is 20144340 a multiple of 20?
True
Does 1890 divide 34390440?
True
Is 1195 a factor of 12296550?
True
Is 6 a factor of 6548522?
False
Is 928 a factor of 1388463939?
False
Does 55 divide 1033244901?
False
Is 11 a factor of 66395373?
True
Is 2486503 a multiple of 1373?
True
Is 550 a factor of 225099047?
False
Is 1546758103 a multiple of 11?
True
Does 3 divide 82778607?
True
Is 38 a factor of 134887878?
True
Is 5861394 a multiple of 67?
False
Is 210 a factor of 13021680?
True
Does 296 divide 15272259?
False
Is 691914963 a multiple of 103?
True
Is 75794688 a multiple of 67?
True
Does 168 divide 1051915082?
False
Is 27 a factor of 18989685?
False
Is 60 a factor of 1162813800?
True
Is 56784596 a multiple of 22?
True
Does 53 divide 4117405?
False
Is 49638756 a multiple of 8?
False
Is 51823560 a multiple of 2533?
False
Does 9 divide 304681065?
False
Is 475 a factor of 120379420?
False
Is 2376 a factor of 2584838520?
True
Is 29 a factor of 29543807?
False
Is 949275172 a multiple of 17?
True
Is 51 a factor of 1272944023?
False
Is 4462868324 a multiple of 694?
True
Is 67520768 a multiple of 164?
True
Is 562 a factor of 562003534?
False
Is 10 a factor of 70274150?
True
Is 1609104459 a multiple of 369?
False
Does 106 divide 902124?
False
Does 14 divide 2679267990?
True
Is 17 a factor of 1072126080?
True
Is 452163384 a multiple of 117?
False
Is 71 a factor of 651183974?
False
Is 3734458864 a multiple of 1072?
True
Is 182 a factor of 10384010?
True
Is 94592059 a multiple of 47?
True
Does 106 divide 39894266?
True
Does 53 divide 22943276?
True
Does 20 divide 345368013?
False
Does 1305 divide 57874140?
True
Is 19 a factor of 457381395?
True
Is 25 a factor of 62388605?
False
Is 679 a factor of 29262184?
True
Is 20 a factor of 447520580?
True
Is 5682349 a multiple of 47?
False
Is 85232549 a multiple of 1195?
False
Does 143 divide 78023?
False
Does 2459 divide 796119805?
False
Is 534795456 a multiple of 416?
True
Is 3807072 a multiple of 16?
True
Is 699596368 a multiple of 67?
False
Is 655669080 a multiple of 330?
True
Does 7 divide 371138184?
False
Is 154943579 a multiple of 154?
False
Does 43 divide 196103877?
False
Is 9 a factor of 12791421?
True
Is 8070095 a multiple of 11?
True
Is 26299963 a multiple of 198?
False
Is 141827640 a multiple of 40?
True
Does 243 divide 33307524?
True
Is 10 a factor of 30505967?
False
Is 19 a factor of 191965776?
False
Does 130 divide 48456129?
False
Is 116 a factor of 10469036?
False
Is 57 a factor of 2266469?
False
Is 388 a factor of 452667054?
False
Is 939915375 a multiple of 431?
False
Does 160 divide 350631840?
True
Is 13574816 a multiple of 269?
True
Is 160 a factor of 137703945?
False
Is 3013663 a multiple of 10?
False
Is 98933472 a multiple of 4488?
True
Does 216 divide 20736436?
False
Is 206865360 a multiple of 26?
True
Is 167787066 a multiple of 62?
True
Does 404 divide 18898800?
False
Is 710104933 a multiple of 6?
False
Is 15 a factor of 72585818?
False
Does 23 divide 883867246?
False
Is 100 a factor of 49901235?
False
Does 156 divide 181276056?
True
Does 16 divide 111661687?
False
Does 1723 divide 577066822?
False
Is 2748 a factor of 1594345632?
True
Is 131 a factor of 736224938?
False
Is 10 a factor of 2376018407?
False
Does 178 divide 10187285?
False
Is 126431775 a multiple of 871?
False
Does 111 divide 43509640?
False
Does 3393 divide 87241159?
False
Is 17 a factor of 8078381?
False
Is 17 a factor of 2877079082?
True
Does 33 divide 19341135?
True
Is 1424 a factor of 4040478960?
True
Is 19 a factor of 99409121?
True
Does 440 divide 29846080?
True
Is 709626379 a multiple of 130?
False
Is 27866046 a multiple of 26?
True
Is 17110689 a multiple of 989?
True
Is 2 a factor of 2125406?
True
Does 446 divide 4346716?
True
Is 1115 a factor of 1809350640?
True
Does 1912 divide 1993850808?
True
Is 3435 a multiple of 229?
True
Does 730 divide 297243042?
False
Is 1095233826 a multiple of 23?
True
Does 214 divide 41848679?
False
Is 20 a factor of 8512117?
False
Is 39 a factor of 17661072?
True
Does 1266 divide 1325357676?
True
Is 3181440 a multiple of 20?
True
Is 136231392 a multiple of 316?
True
Is 46930380 a multiple of 1596?
True
Is 89 a factor of 356373266?
True
Does 21 divide 1485764?
False
Is 30865021 a multiple of 1399?
False
Is 358817669 a multiple of 3?
False
Does 5208 divide 660238992?
True
Is 95 a factor of 762938255?
True
Does 26 divide 13222820?
True
Is 58430876 a multiple of 3353?
False
Is 83 a factor of 522252973?
False
Is 455139239 a multiple of 174?
False
Is 18696470 a multiple of 46?
True
Does 27 divide 66551628?
False
Does 7 divide 78299284?
True
Is 9224965 a multiple of 14?
False
Does 656 divide 61272368?
True
Is 538 a factor of 37103708?
True
Does 35 divide 58935065?
True
Is 23415772 a multiple of 73?
True
Is 1982 a factor of 779421026?
False
Does 46 divide 567536638?
True
Does 23 divide 40361832?
False
Does 1429 divide 29038709?
True
Does 1213 divide 6917893051?
True
Is 261734832 a multiple of 18?
True
Is 30405492 a multiple of 13?
True
Does 123 divide 2653247?
False
Is 1